 + 347506?
347505
In base 11, what is -1889 + -682?
-2460
In base 10, what is 3 - 45827?
-45824
In base 7, what is -25 - 606231?
-606256
In base 7, what is 5 - 15261310?
-15261302
In base 3, what is 22 + 201000120?
201000212
In base 16, what is 2 - 8b91?
-8b8f
In base 15, what is 6935 + -2?
6933
In base 13, what is -3 - 2741?
-2744
In base 2, what is -100010000010011101 + 1?
-100010000010011100
In base 7, what is 642 + -5025?
-4053
In base 12, what is 31 + -302?
-291
In base 2, what is 100 + 10100110100011010?
10100110100011110
In base 2, what is -10 - 111111111101101110?
-111111111101110000
In base 9, what is 0 + -21775?
-21775
In base 11, what is 1 + 74999?
7499a
In base 8, what is -757123 + 4?
-757117
In base 5, what is -443 - 113?
-1111
In base 7, what is 13531 + -54?
13444
In base 12, what is 67 - -283a9?
28454
In base 13, what is 7522 - -15?
7537
In base 8, what is 61424 + 0?
61424
In base 15, what is -37 + 3ac?
375
In base 15, what is 2b4 + -2a9?
a
In base 2, what is -11 - 10010000000001101010?
-10010000000001101101
In base 4, what is -3221200 + -20?
-3221220
In base 9, what is -7783 - -63?
-7720
In base 8, what is -7 - 3206?
-3215
In base 14, what is -368b - 1d?
-36aa
In base 4, what is -10011111 - 320?
-10012031
In base 9, what is 1 + -42548?
-42547
In base 6, what is -25041350 - -4?
-25041342
In base 9, what is -3 + -5470?
-5473
In base 8, what is -775166 - 4?
-775172
In base 4, what is 2 + -1003231?
-1003223
In base 2, what is -111111010 + -1010111?
-1001010001
In base 6, what is -4 + 21532?
21524
In base 8, what is 2565 + -63?
2502
In base 9, what is -16 + -211364?
-211381
In base 15, what is 1523 - e?
1514
In base 15, what is 531e3 + 1?
531e4
In base 16, what is -2 + 8efca?
8efc8
In base 10, what is -3554 + 9?
-3545
In base 14, what is -4ba - -712?
236
In base 11, what is -190265 - -1?
-190264
In base 9, what is 512 + 144?
656
In base 7, what is -1 - -224?
223
In base 2, what is 11000000101110010001100 + 1?
11000000101110010001101
In base 5, what is -3 + -142013?
-142021
In base 3, what is 100002201100010 + 10?
100002201100020
In base 11, what is -24769 + 4?
-24765
In base 8, what is -544 - 750?
-1514
In base 10, what is -65619 - -40?
-65579
In base 15, what is 4 + d7ab7?
d7abb
In base 2, what is -100 - -110000110100001?
110000110011101
In base 2, what is 1000000 - 1100110101?
-1011110101
In base 8, what is 216 + -701?
-463
In base 16, what is 3d7 - 27?
3b0
In base 7, what is 40446 + 3?
40452
In base 15, what is -3c78 + 6d?
-3c0a
In base 9, what is 33 - 40742?
-40708
In base 7, what is -302 + -164?
-466
In base 15, what is 10 - 1d7?
-1c7
In base 13, what is -b06 - -a?
-ac9
In base 10, what is 20 - -27243?
27263
In base 5, what is -2004024 - 14?
-2004043
In base 6, what is 4120 - 400?
3320
In base 3, what is 1202102 - 102201?
1022201
In base 11, what is 21370 - -7?
21377
In base 12, what is -999 + 471?
-528
In base 9, what is 4 - 123266?
-123262
In base 2, what is 11011100 - -10000?
11101100
In base 2, what is 11 + 1000011001000010?
1000011001000101
In base 8, what is -2210 - 16?
-2226
In base 9, what is 585545 + 5?
585551
In base 14, what is 3 - -155c7?
155ca
In base 10, what is -27 - -16627?
16600
In base 11, what is -11213 + 2?
-11211
In base 9, what is -1 - -100254?
100253
In base 6, what is 140 + 53422?
54002
In base 11, what is 3 - -6050?
6053
In base 8, what is -127 - 443?
-572
In base 10, what is 326 + -8198?
-7872
In base 9, what is -5 + 33454?
33448
In base 3, what is 101211100 - 1?
101211022
In base 9, what is 11027 + 7?
11035
In base 14, what is -14 + 182?
16c
In base 11, what is -1243 + 7?
-1237
In base 5, what is 143311414 + 2?
143311421
In base 11, what is 240 + -67?
184
In base 13, what is -7980 - 0?
-7980
In base 13, what is 2 - 1502?
-1500
In base 13, what is c + 475?
484
In base 5, what is 11 - -11033314?
11033330
In base 11, what is -a + -46252?
-46261
In base 15, what is -1d + -72b?
-749
In base 15, what is 1 + 3444e?
34450
In base 16, what is -6 + -20b?
-211
In base 14, what is 1 - 4bd4?
-4bd3
In base 3, what is 0 + 2021212?
2021212
In base 2, what is -100010000010010001 - -101?
-100010000010001100
In base 5, what is -1344411 - -10?
-1344401
In base 12, what is -5 + -2a17?
-2a20
In base 6, what is 10 + 110105?
110115
In base 7, what is -13233316 - 3?
-13233322
In base 2, what is 1011111000 - 1000011?
1010110101
In base 5, what is -2443132 - -112?
-2443020
In base 14, what is -5d - 2960?
-29bd
In base 13, what is 123 + -384?
-261
In base 4, what is -1030213 - 1?
-1030220
In base 10, what is 382 + -14?
368
In base 3, what is 1220 - 110?
1110
In base 9, what is 5 + 20170?
20175
In base 15, what is d2a73 - -2?
d2a75
In base 3, what is 2 - -1012020211?
1012020220
In base 4, what is 1102233 + -12?
1102221
In base 7, what is -413365 + 10?
-413355
In base 6, what is -10 + 1004102?
1004052
In base 16, what is f + 1a4d?
1a5c
In base 4, what is -2301 + 2?
-2233
In base 5, what is -2313000 + -1?
-2313001
In base 10, what is 3395 - -70?
3465
In base 11, what is -148 - 179?
-316
In base 5, what is 30102140 + -2?
30102133
In base 8, what is 3 - -6451724?
6451727
In base 12, what is -19a613 - 12?
-19a625
In base 15, what is 3001 - -c9?
30ca
In base 14, what is 1b + -bc0?
-ba3
In base 4, what is 203111 + 2222?
211333
In base 10, what is -37671 - 0?
-37671
In base 10, what is 414 - -33?
447
In base 4, what is 231102 + 1130?
232232
In base 8, what is -1001774 + 6?
-1001766
In base 5, what is 213 - 44?
114
In base 6, what is -40 - 30441?
-30521
In base 10, what is 287636 + 0?
287636
In base 4, what is 3120323232 + -10?
3120323222
In base 2, what is 100000 - 100111011111111?
-100111011011111
In base 4, what is 22123311 - 1?
22123310
In base 8, what is -5257 - -646?
-4411
In base 8, what is -2 + 350450?
350446
In base 12, what is -a + -127?
-135
In base 2, what is 101 + 101100010010011?
101100010011000
In base 6, what is 4250 - 35?
4211
In base 12, what is 331b + 14?
3333
In base 13, what is -1192 - -273?
-c1c
In base 5, what is 334202 + -32?
334120
In base 9, what is 3550728 + 4?
3550733
In base 11, what is -28 - 261?
-289
In base 13, what is 2387 + -1a?
236a
In base 3, what is -12 - -1001112120?
1001112101
In base 12, what is -3 - -11495?
11492
In base 6, what is 50101 - 5?
50052
In base 16, what is -1c93fb + 4?
-1c93f7
In base 15, what is -1384 - 33?
-13b7
In base 12, what is -6 - -63496?
63490
In base 5, what is -112121 - -14?
-112102
In base 5, what is 141230331 + -2?
141230324
In base 3, what is -100100 + -200000?
-1000100
In base 11, what is -40 - -667?
627
In base 14, what is 24a + 20?
26a
In base 4, what is 213 + -113213?
-113000
In base 11, what is -80 - 147?
-217
In base 15, what is 2 + -1bed7?
-1bed5
In base 9, what is -542356 - -3?
-542353
In base 13, what is -727 + -198?
-8c2
In base 11, what is -466 + -159?
-614
In base 5, what is -1013 - 1003101?
-1004114
In base 7, what is 146265 - -2?
146300
In base 4, what is -312232211 - 110?
-312232321
In base 3, what is -1221101021 - 10?
-1221101101
In base 14, what is -2366 - 12b?
-2493
In base 6, what is -1011 + -3030?
-4041
In base 3, what is 201 - -20100020?
20100221
In base 6, what is -353323 - 1?
-353324
In base 4, what is 3202 + -3122203?
-3113001
In base 16, what is 8 + -13da?
-13d2
In base 11, what is -19000 - 2?
-19002
In base 10, what is 259675 + 0?
259675
In base 12, what is -15085 + 5?
-15080
In base 12, what is -b7a4 - 5?
-b7a9
In base 3, what is 210201 + 0?
210201
In base 13, what is -2a6c2 + 2?
-2a6c0
In base 2, what is 10001101011 + -111000?
10000110011
In base 9, what is 2 - 527?
-525
In base 15, what is -6a4 + c?
-697
In base 8, what is 4524 - 27?
4475
In base 13, what is 4 - c918?
-c914
In base 10, what is -5 - 11579?
-11584
In base 10, what is 0 + -1306436?
-1306436
In base 2, what is 1111010100 - 1?
1111010011
In base 7, what is -265511 + 3?
-265505
In base 2, what is -10110 - -1100111111000?
1100111100010
In base 15, what is -9 - 1a13?
-1a1c
In base 14, what is -33 + abd?
a8a
In base 14, what is -9caa + 90?
-9c1a
In base 13, what is 3 + 758b?
7591
In base 2, what is -1010001110101 + -1010010?
-1010011000111
In base 16, what is -2 + 97d71?
97d6f
In base 3, what is 12 - -210010012?
210010101
In base 3, what is 222001 + -11102?
210122
In base 10, what 